y = -26527 + 26624. What is the remainder when 1369 is divided by y?
11
Let i(t) = t**3 + 40*t**2 + 214*t - 55. What is the remainder when i(-32) is divided by 34?
31
Let z(d) = 2*d**2 - 10*d - 19. Let q be z(-8). Let g = q + -119. Suppose 3*j - g - 8 = 0. Calculate the remainder when 154 is divided by j.
24
Suppose -5*n - 14 = -2*m, 0*n = -m - n + 14. Suppose -5*a - 2*y + 4 = -2*a, 4*a + 23 = 3*y. Calculate the remainder when (-153)/a*((-40)/m + 4) is divided by 9.
6
Let n(q) = -5*q**2 - 42*q + 36. What is the remainder when n(-7) is divided by 11?
8
Suppose -2*z - 3 = -25. Let n(s) = -s**2 - 5*s + 124. Suppose -u = 4*q, u + 11 = 3*q - 10. Calculate the remainder when n(u) is divided by z.
7
Let q(u) = -1348*u - 5. Let l be q(-2). Suppose 0 = 13*w - l - 299. What is the remainder when w is divided by 58?
56
Let x = 105 - 57. Suppose -2*o = 2, q - 149*o + 147*o = x. Calculate the remainder when 89 is divided by q.
43
Let c = -18415 + 19191. What is the remainder when c is divided by 94?
24
Suppose 6 = -3*o + 18. Let u = 6 + 27. Suppose 17*l - 16*l = u. Calculate the remainder when l is divided by o.
1
Suppose 131 = 9*y + 2174. Let g = y + 238. Calculate the remainder when 2/(-6) - 322/(-3) is divided by g.
8
Let t be (369/2)/(-3)*(-4)/3. Let j = 70 - t. What is the remainder when (-65 + 1)/(11 + j) is divided by 22?
20
Let o(w) = w**3 + 12*w**2 + 217*w + 1846. Calculate the remainder when 1476 is divided by o(-9).
116
Suppose -20 - 8 = -c. Let w be 11/(15/(-10) + (-92)/(-56)). What is the remainder when (-4)/14 + -11*(-737)/w is divided by c?
21
Let g = 1501 + -985. What is the remainder when g is divided by 3?
0
Let s(a) = -19*a - 67. What is the remainder when 14482 is divided by s(-11)?
140
Let x = -2363 - -2520. What is the remainder when 529 is divided by x?
58
Let d be (-1 - (-9)/6) + (-4195)/10. Let a = d - -1760. Calculate the remainder when a is divided by 64.
61
Calculate the remainder when 1964 is divided by 3*1836/45 + (-22)/55.
12
Suppose 0 = 15*p - 3282 - 6888. Suppose 3*n - 685 = -4*u, -3*n + 5*u + p = 2*u. What is the remainder when n is divided by 58?
53
Suppose 6*o - 4*o + 4*w - 258 = 0, -5*o + 2*w = -609. Suppose -20 = 5*r, 0 = -4*v - 2*r + 250 - 186. What is the remainder when o is divided by v?
15
Let v = -122 - -219. Let p(r) be the first derivative of r**4/4 - 2*r**3/3 - 2*r**2 + 25*r + 62. What is the remainder when v is divided by p(0)?
22
Suppose 84*y + 110 = 106*y. Let u = 683 + -609. Calculate the remainder when u is divided by y.
4
Let p = -232 - -449. Suppose -43*l - p = -50*l. What is the remainder when 90 + 0 + 0/1 is divided by l?
28
Let t = 5691 + -4060. Calculate the remainder when t is divided by 12.
11
Suppose 0 = 2*u - 8*u + 486. Let w = u - 0. Suppose 4*a - 5*l - 31 = 206, 0 = -2*a - 5*l + w. Calculate the remainder when a is divided by 8.
5
Suppose 2*d - 17*d = 6*d - 12432. Suppose -2*j - 3*p = -24, 4*j - p + 0*p - 76 = 0. Calculate the remainder when d is divided by j.
16
Suppose -55*s - 205*s = 54*s - 581214. Calculate the remainder when s is divided by 206.
203
Let l(n) = 32*n + 732. What is the remainder when 359 is divided by l(-21)?
59
Let h(q) = q**2 - 2*q + 3. Let u be ((-48)/10)/((-78)/(-195)). Let i(r) = -r**2 - 9*r + 88. Calculate the remainder when i(u) is divided by h(-3).
16
Suppose -15*i = -16*i - 2*u + 58, 5*i + 3*u - 255 = 0. Calculate the remainder when 118 + 8/(i/30) is divided by 21.
18
Let s(o) = -5*o**2 - 6*o + 3. Let b be s(4). Let q = -68 - b. Suppose y = 66 + q. Calculate the remainder when y is divided by 50.
49
Let b = -1280 + 1593. Calculate the remainder when 637 is divided by b.
11
Let t(s) = 28*s - 1719. Calculate the remainder when 361 is divided by t(66).
103
Let c = 4636 + -467. Calculate the remainder when 279 is divided by c/44 + 6/24.
89
What is the remainder when 1415 is divided by ((-36188)/(-2158))/(4/26)?
107
Let g = -33219 - -33293. Suppose 4*q + 2 = f, 5*q = -7*f + 3*f + 50. What is the remainder when g is divided by f?
4
Let u = -2 + -4. What is the remainder when 57 is divided by (294/35)/(u/(-15))?
15
Suppose -77 = -5*o + 428. Let n be 13*(-2 + 7 + -4). Let m = o - n. What is the remainder when m is divided by 5?
3
Suppose -4*d + 160 = 16. Suppose -2*o - 60 = -17*o. Suppose -5*p = 4*l - d - 40, 4*l + o*p = 72. Calculate the remainder when 55 is divided by l.
13
Suppose -4*v + 168 = -3*z, 0*z - 3*z - 90 = -2*v. What is the remainder when v is divided by (9 - (-3 - -7))/(2/2)?
4
Let y(k) = 2*k**2 - 5*k - 9. Let d be (-112)/52 + 10/65. Let a be 4 - 4 - -4*(d - -1). Calculate the remainder when y(a) is divided by 15.
13
Suppose 48 = 5*w - 2*w. What is the remainder when ((-33 - -36)/(-3))/(2/(-796)) is divided by w?
14
Let f(j) = 138*j - 2787. What is the remainder when f(23) is divided by 14?
9
Let h(u) = 4*u**2 + 331*u - 37. What is the remainder when 2388 is divided by h(-83)?
42
Suppose -3*y = -4*g + 3587, -2*g - 16*y + 1810 = -12*y. What is the remainder when g is divided by 45?
44
Suppose -7 = 3*y + 4*x - 93, -x = -3*y + 76. Let i(p) = p**3 - 26*p**2 - p + 56. What is the remainder when 208 is divided by i(y)?
28
Calculate the remainder when 3530 is divided by 7 + (-405)/(-2) - 15/10.
202
Let o = 204 + -120. Calculate the remainder when 183 is divided by (1 + 41/6)/(14/o).
42
Suppose -5*v = -158 + 3. Let l = v - -20. Let u(p) = p**3 + 2*p + 26. What is the remainder when l is divided by u(0)?
25
Let w(y) = 5*y**3 - y**2 - 18*y + 10. Suppose -11*o + 2*z = -14*o + 58, 5*o - 86 = 2*z. What is the remainder when w(5) is divided by o?
16
Let q(h) = -h**2 - 17*h - 28. Let i(p) = 22*p + 8. Let r be i(-1). Suppose 0 = -b - b + 12. What is the remainder when q(r) is divided by b?
2
Let l be (13 - -2) + 5 + 36/(-6). Calculate the remainder when 116 is divided by 16 + -7*(-2)/l.
14
Suppose -u - 604 = -8*q - 0*q, q + 3*u - 63 = 0. Let v = -162 - -181. Calculate the remainder when q is divided by v.
18
Let v be (30 - 29)*-1628*(2 - 1). Let f be v/12 - (2 - 1)/3. Let l = f + 326. Calculate the remainder when l is divided by 24.
22
Let f = -2352 - -2440. Calculate the remainder when f is divided by 57.
31
Let r be 44/176*(0 + 0)/(-2). Suppose n = -0*i + 5*i + 76, r = n + i - 94. What is the remainder when n is divided by 48?
43
Let c(o) = -8*o + 3. Let u(t) = -t**3 - t**2 - 2. Let j be u(0). Let y = 68 + -2. What is the remainder when y is divided by c(j)?
9
Let u be (-18)/15 + 2 + 135/(-75). What is the remainder when 189 is divided by 5425/105 - u/3?
33
Let a = 38 + -29. Let k = -2 + a. Let u(s) = -s**3 - 6*s**2 - 2*s - 1. What is the remainder when u(-6) is divided by k?
4
Let d(k) = -111*k**3 + 3*k**2 - 9*k - 4. Calculate the remainder when 2770 is divided by d(-2).
28
Let l = -863 - -679. Let n = 226 + l. What is the remainder when 208 is divided by n?
40
Let r(q) = -q**3 + 15*q**2 - 26*q + 53. Calculate the remainder when 475 is divided by r(13).
51
Calculate the remainder when (-2388)/(-16)*(-60)/9*-1 is divided by 36.
23
What is the remainder when 2991/16 + 7/(105 + 7) is divided by 30?
7
Let c = -7629 - -7654. Let j = -14 - -12. Calculate the remainder when (182 + -4)/(j/(-1)) is divided by c.
14
Let b be (-20)/(-3)*2/(2/3). Suppose -k = -x + b, 6 = -2*k + 2. Let d = x - 12. What is the remainder when d is divided by 4?
2
Let x(c) be the first derivative of c**3/3 + 177*c - 102. What is the remainder when x(0) is divided by 30?
27
Let h(c) = -18*c + 1658. What is the remainder when h(48) is divided by 114?
110
Suppose -40*i = -808 - 192. Let f be (-2)/(-3)*(-1 - -22). Suppose -m - 6 + f = 0. Calculate the remainder when i is divided by m.
1
Calculate the remainder when 595 is divided by -110*10/(-250) + 6/10.
0
Suppose -2*p - 2*b + 41 = -85, 0 = -4*p + 4*b + 252. Calculate the remainder when 682 is divided by p.
52
Suppose 4*l + 5*b - 2*b - 45 = 0, 0 = 5*l - 4*b - 64. Let j(a) = -2510*a + 22624. Calculate the remainder when j(9) is divided by l.
10
Let s be ((-328)/16)/((-2)/4). Suppose 0 = -42*q + s*q + 41. Suppose 58*w - 57*w = 4. Calculate the remainder when q is divided by w.
1
Let b = -466 - -932. Let f = b + -442. Calculate the remainder when f is divided by 1.
0
Suppose 608*t - 12926 = 585*t. What is the remainder when t is divided by 559?
3
Let v be 